{"id":2,"date":"2015-05-03T11:11:41","date_gmt":"2015-05-03T10:11:41","guid":{"rendered":"http:\/\/automne-musical.ch\/wordpress\/?page_id=2"},"modified":"2025-02-24T20:59:59","modified_gmt":"2025-02-24T19:59:59","slug":"page-d-exemple","status":"publish","type":"page","link":"https:\/\/www.automne-musical.ch\/wordpress\/","title":{"rendered":"La gen\u00e8se du festival"},"content":{"rendered":"<p>\u201cC\u2019est le village pittoresque d\u2019Ollon, se d\u00e9ployant autour de son magnifique Temple, qui m\u2019a servi d\u2019inspiration pour cette c\u00e9l\u00e9bration musicale.<\/p>\n<p>Temple qui tient un r\u00f4le primordial dans la vie de la commune d\u2019Ollon. La raison profonde qui anime l\u2019Automne Musical d\u2019Ollon est d\u2019offrir un \u00e9v\u00e8nement artistique de qualit\u00e9 aux membres de la communaut\u00e9. Non contents d\u2019assister aux concerts en tant que spectateurs, ils se sentent \u00e9galement invit\u00e9s \u00e0 int\u00e9grer cet \u00e9v\u00e8nement en y participant eux-m\u00eames. Ainsi, le concert des Musiciens de la R\u00e9gion Chablais-Riviera sera r\u00e9serv\u00e9 \u00e0 tout m\u00e9lomane de talent habitant la r\u00e9gion, qu\u2019il soit amateur ou professionnel, qu\u2019il se pr\u00e9sente en soliste ou comme membre d\u2019un ensemble et quel que soit son \u00e2ge. Rayonnant \u00e0 partir de ce noyau central, les autres concerts pr\u00e9sentent des musiciens professionnels de suisse romande et d\u2019ailleurs.<\/p>\n<p>Inspir\u00e9s par le cadre idyllique que leur offre ce lieu exceptionnel, ils y partagent leur exp\u00e9rience professionnelle et leur respect pour la musique dans une ambiance harmonieuse et riche en humanit\u00e9. Feu Yehudi Menuhin a jou\u00e9 un r\u00f4le d\u00e9cisif dans ma formation : j\u2019ai appr\u00e9ci\u00e9 ses principes g\u00e9n\u00e9reux et son ouverture d\u2019esprit au cours des nombreuses ann\u00e9es que j\u2019ai pass\u00e9es \u00e0 ses c\u00f4t\u00e9s. Le Festival Menuhin ou \u00e0 ses \u00e9coles de musique en Grande-Bretagne et en Suisse inspirent l\u2019Automne Musical d\u2019Ollon qui refl\u00e8te mes convictions profondes sur le plan humain aussi bien qu\u2019artistique. Je souhaite d\u2019autre part renforcer le lien puissant qui m\u2019attache \u00e0 la Suisse depuis plus de trente ans.<\/p>\n<p>La Suisse s\u2019impose depuis longtemps comme lieu id\u00e9al pour une expression artistique sans contrainte. Puisse l\u2019Automne Musical d\u2019Ollon r\u00e9v\u00e9ler l\u2019artiste qui sommeille dans chacun d\u2019entre nous!\u201d<\/p>\n<p><em>Niall Brown, ancien directeur artistique de l\u2019AMO et membre fondateur.<\/em><\/p>\n","protected":false},"excerpt":{"rendered":"<p>\u201cC\u2019est le village pittoresque d\u2019Ollon, se d\u00e9ployant autour de son magnifique Temple, qui m\u2019a servi d\u2019inspiration pour cette c\u00e9l\u00e9bration musicale. Temple qui tient un r\u00f4le primordial dans la vie de [&hellip;]<\/p>\n","protected":false},"author":1,"featured_media":327,"parent":0,"menu_order":0,"comment_status":"closed","ping_status":"closed","template":"","meta":{"footnotes":"","_links_to":"","_links_to_target":""},"class_list":["post-2","page","type-page","status-publish","has-post-thumbnail","hentry"],"_links":{"self":[{"href":"https:\/\/www.automne-musical.ch\/wordpress\/wp-json\/wp\/v2\/pages\/2","targetHints":{"allow":["GET"]}}],"collection":[{"href":"https:\/\/www.automne-musical.ch\/wordpress\/wp-json\/wp\/v2\/pages"}],"about":[{"href":"https:\/\/www.automne-musical.ch\/wordpress\/wp-json\/wp\/v2\/types\/page"}],"author":[{"embeddable":true,"href":"https:\/\/www.automne-musical.ch\/wordpress\/wp-json\/wp\/v2\/users\/1"}],"replies":[{"embeddable":true,"href":"https:\/\/www.automne-musical.ch\/wordpress\/wp-json\/wp\/v2\/comments?post=2"}],"version-history":[{"count":60,"href":"https:\/\/www.automne-musical.ch\/wordpress\/wp-json\/wp\/v2\/pages\/2\/revisions"}],"predecessor-version":[{"id":1659,"href":"https:\/\/www.automne-musical.ch\/wordpress\/wp-json\/wp\/v2\/pages\/2\/revisions\/1659"}],"wp:featuredmedia":[{"embeddable":true,"href":"https:\/\/www.automne-musical.ch\/wordpress\/wp-json\/wp\/v2\/media\/327"}],"wp:attachment":[{"href":"https:\/\/www.automne-musical.ch\/wordpress\/wp-json\/wp\/v2\/media?parent=2"}],"curies":[{"name":"wp","href":"https:\/\/api.w.org\/{rel}","templated":true}]}}