{"id":10,"date":"2015-05-03T12:06:08","date_gmt":"2015-05-03T11:06:08","guid":{"rendered":"http:\/\/automne-musical.ch\/wordpress\/?page_id=10"},"modified":"2024-01-22T22:44:35","modified_gmt":"2024-01-22T21:44:35","slug":"pratique","status":"publish","type":"page","link":"https:\/\/www.automne-musical.ch\/wordpress\/pratique\/","title":{"rendered":"Infos pratiques"},"content":{"rendered":"<blockquote><p><strong>Les concerts sont libres, pas de besoin de r\u00e9server une place ou un billet, une collecte est organis\u00e9e \u00e0 la sortie.<\/strong><\/p><\/blockquote>\n<p><strong>Lieu:<\/strong> Temple d&rsquo;Ollon chemin de la Cure 1867 Ollon (VD).<\/p>\n<p><strong>Vous pouvez utiliser le parking sous la gare derri\u00e8re le service du feu.<br \/>\nMerci de privil\u00e9gier les transports publics, le temple est situ\u00e9 \u00e0 5 minutes \u00e0 pied de la gare d\u2019Ollon.<br \/>\n<\/strong><\/p>\n<p>&nbsp;<\/p>\n<p><a href=\"http:\/\/www.automne-musical.ch\/wordpress\/wp-content\/uploads\/temple_ollon.png\"><img loading=\"lazy\" decoding=\"async\" class=\"aligncenter wp-image-32 size-full\" src=\"http:\/\/www.automne-musical.ch\/wordpress\/wp-content\/uploads\/temple_ollon.png\" alt=\"temple_ollon\" width=\"760\" height=\"756\" srcset=\"https:\/\/www.automne-musical.ch\/wordpress\/wp-content\/uploads\/temple_ollon.png 760w, https:\/\/www.automne-musical.ch\/wordpress\/wp-content\/uploads\/temple_ollon-150x150.png 150w, https:\/\/www.automne-musical.ch\/wordpress\/wp-content\/uploads\/temple_ollon-300x298.png 300w, https:\/\/www.automne-musical.ch\/wordpress\/wp-content\/uploads\/temple_ollon-230x230.png 230w\" sizes=\"auto, (max-width: 760px) 100vw, 760px\" \/><\/a><\/p>\n<p><a href=\"http:\/\/www.openstreetmap.org\/?minlon=6.984478225708&amp;minlat=46.287145843506&amp;maxlon=7.0044787025452&amp;maxlat=46.307149658203\" target=\"_blank\" rel=\"noopener noreferrer\">Cliquez ici pour voir la carte interactive d&rsquo;acc\u00e8s au temple<\/a><\/p>\n<p><a href=\"http:\/\/www.openstreetmap.org\/search?query=ollon#map=13\/46.2982\/6.9868&amp;layers=T\" target=\"_blank\" rel=\"noopener noreferrer\">Cliquez ici pour la carte interactive des transports publics disponibles<\/a><\/p>\n<p><a href=\"http:\/\/www.tpc.ch\/site\/index.php\/horaires\/horaires-2019\" target=\"_blank\" rel=\"noopener noreferrer\">Cliquez ici pour les horaire du train AOMC depuis Aigle<\/a><\/p>\n<p><a href=\"https:\/\/www.google.com\/maps\/@46.2962213,6.9943776,936m\/data=!3m1!1e3?hl=fr\" target=\"_blank\" rel=\"noopener noreferrer\">Lien vers l&rsquo;affichage interactif de Google maps<\/a><\/p>\n<p>&nbsp;<\/p>\n<p>&nbsp;<\/p>\n","protected":false},"excerpt":{"rendered":"<p>Les concerts sont libres, pas de besoin de r\u00e9server une place ou un billet, une collecte est organis\u00e9e \u00e0 la sortie. Lieu: Temple d&rsquo;Ollon chemin de la Cure 1867 Ollon [&hellip;]<\/p>\n","protected":false},"author":1,"featured_media":86,"parent":0,"menu_order":0,"comment_status":"closed","ping_status":"closed","template":"","meta":{"footnotes":"","_links_to":"","_links_to_target":""},"class_list":["post-10","page","type-page","status-publish","has-post-thumbnail","hentry"],"_links":{"self":[{"href":"https:\/\/www.automne-musical.ch\/wordpress\/wp-json\/wp\/v2\/pages\/10","targetHints":{"allow":["GET"]}}],"collection":[{"href":"https:\/\/www.automne-musical.ch\/wordpress\/wp-json\/wp\/v2\/pages"}],"about":[{"href":"https:\/\/www.automne-musical.ch\/wordpress\/wp-json\/wp\/v2\/types\/page"}],"author":[{"embeddable":true,"href":"https:\/\/www.automne-musical.ch\/wordpress\/wp-json\/wp\/v2\/users\/1"}],"replies":[{"embeddable":true,"href":"https:\/\/www.automne-musical.ch\/wordpress\/wp-json\/wp\/v2\/comments?post=10"}],"version-history":[{"count":17,"href":"https:\/\/www.automne-musical.ch\/wordpress\/wp-json\/wp\/v2\/pages\/10\/revisions"}],"predecessor-version":[{"id":1553,"href":"https:\/\/www.automne-musical.ch\/wordpress\/wp-json\/wp\/v2\/pages\/10\/revisions\/1553"}],"wp:featuredmedia":[{"embeddable":true,"href":"https:\/\/www.automne-musical.ch\/wordpress\/wp-json\/wp\/v2\/media\/86"}],"wp:attachment":[{"href":"https:\/\/www.automne-musical.ch\/wordpress\/wp-json\/wp\/v2\/media?parent=10"}],"curies":[{"name":"wp","href":"https:\/\/api.w.org\/{rel}","templated":true}]}}

<blockquote><p><strong>Les concerts sont libres, pas de besoin de réserver une place ou un billet, une collecte est organisée à la sortie.</strong></p></blockquote>
<p><strong>Lieu:</strong> Temple d&rsquo;Ollon chemin de la Cure 1867 Ollon (VD).</p>
<p><strong>Vous pouvez utiliser le parking sous la gare derrière le service du feu.<br />
Merci de privilégier les transports publics, le temple est situé à 5 minutes à pied de la gare d’Ollon.<br />
</strong></p>
<p>&nbsp;</p>
<p><a href="http://www.automne-musical.ch/wordpress/wp-content/uploads/temple_ollon.png"><img loading="lazy" decoding="async" class="aligncenter wp-image-32 size-full" src="http://www.automne-musical.ch/wordpress/wp-content/uploads/temple_ollon.png" alt="temple_ollon" width="760" height="756" srcset="https://www.automne-musical.ch/wordpress/wp-content/uploads/temple_ollon.png 760w, https://www.automne-musical.ch/wordpress/wp-content/uploads/temple_ollon-150x150.png 150w, https://www.automne-musical.ch/wordpress/wp-content/uploads/temple_ollon-300x298.png 300w, https://www.automne-musical.ch/wordpress/wp-content/uploads/temple_ollon-230x230.png 230w" sizes="auto, (max-width: 760px) 100vw, 760px" /></a></p>
<p><a href="http://www.openstreetmap.org/?minlon=6.984478225708&amp;minlat=46.287145843506&amp;maxlon=7.0044787025452&amp;maxlat=46.307149658203" target="_blank" rel="noopener noreferrer">Cliquez ici pour voir la carte interactive d&rsquo;accès au temple</a></p>
<p><a href="http://www.openstreetmap.org/search?query=ollon#map=13/46.2982/6.9868&amp;layers=T" target="_blank" rel="noopener noreferrer">Cliquez ici pour la carte interactive des transports publics disponibles</a></p>
<p><a href="http://www.tpc.ch/site/index.php/horaires/horaires-2019" target="_blank" rel="noopener noreferrer">Cliquez ici pour les horaire du train AOMC depuis Aigle</a></p>
<p><a href="https://www.google.com/maps/@46.2962213,6.9943776,936m/data=!3m1!1e3?hl=fr" target="_blank" rel="noopener noreferrer">Lien vers l&rsquo;affichage interactif de Google maps</a></p>
<p>&nbsp;</p>
<p>&nbsp;</p>

<p>Les concerts sont libres, pas de besoin de réserver une place ou un billet, une collecte est organisée à la sortie. Lieu: Temple d&rsquo;Ollon chemin de la Cure 1867 Ollon [&hellip;]</p>
